{"id":32880,"date":"2024-08-03T20:01:53","date_gmt":"2024-08-03T20:01:53","guid":{"rendered":"https:\/\/hmnoticias.com\/espana\/?page_id=32880"},"modified":"2024-08-03T20:01:54","modified_gmt":"2024-08-03T20:01:54","slug":"uber-uns-deutsch","status":"publish","type":"page","link":"https:\/\/hmnoticias.com\/espana\/uber-uns-deutsch\/","title":{"rendered":"\u00dcber uns\u00a0&#8211; Deutsch"},"content":{"rendered":"\n<h2 class=\"wp-block-heading\">Einf\u00fchrung<\/h2>\n\n\n\n<p>HM Noticias (HM News) wurde von vier Freunden gegr\u00fcndet, die bessere Informationen und Nachrichten in das Chaos des heutigen Internets bringen wollten.<\/p>\n\n\n\n<p>Aus diesem brennenden Wunsch entstand diese Website. Ein Ort, an dem Sie mit einem einzigen Klick Informationen aus aller Welt finden.<\/p>\n\n\n\n<p>Unsere Mission ist es, Ihnen stets die besten Inhalte zu bieten, die wir kostenlos und einfach bereitstellen k\u00f6nnen.<\/p>\n\n\n\n<h2 class=\"wp-block-heading\">Unser Gesch\u00e4ftsmodell<\/h2>\n\n\n\n<p>Bei HM Noticias (HM News) arbeiten wir nach dem Gesch\u00e4ftsmodell der Partnervermittlung und Werbung.<\/p>\n\n\n\n<p>Auf unserer Website finden Sie Banner und gesponserte Links von Google AdSense, wobei HM Noticias (HM News) einen Teil des vom Ersteller der Anzeige beigesteuerten Geldes erh\u00e4lt. Auf diese Weise gelingt es uns, die Website immer kostenlos, mit der maximal m\u00f6glichen Geschwindigkeit und f\u00fcr alle Leser zug\u00e4nglich zu halten.<\/p>\n\n\n\n<p>Die Qualit\u00e4t der Inhalte ist f\u00fcr uns eine wichtige S\u00e4ule, weshalb ein gro\u00dfer Teil der erhaltenen Pr\u00e4mie f\u00fcr die Einstellung von Redakteuren bestimmt ist, die es schaffen, immer die aktuellsten Nachrichten des Augenblicks bereitzustellen.<\/p>\n\n\n\n<h2 class=\"wp-block-heading\">Themen, die wir behandeln<\/h2>\n\n\n\n<p>Obwohl unser Blog sehr vielf\u00e4ltig ist, gibt es einige Themen, die wichtige S\u00e4ulen der HM Noticias (HM News) bilden.<\/p>\n\n\n\n<p>Besch\u00e4ftigung<\/p>\n\n\n\n<p>Wir bringen Ihnen die besten Nachrichten und Stellenangebote, die weltweit ver\u00f6ffentlicht werden. Wir k\u00e4mpfen ernsthaft gegen die Arbeitslosigkeit und sind immer engagierter dabei, Informationen zu verf\u00fcgbaren Stellen bereitzustellen.<\/p>\n\n\n\n<p>Kurse<\/p>\n\n\n\n<p>Ausbildung ist unerl\u00e4sslich, um die Wahrscheinlichkeit einer Anstellung zu erh\u00f6hen. Daher z\u00f6gern wir nicht, Ihnen viele Informationen zu Kursen, FP, Abschl\u00fcssen und allem, was unseren Lesern als Unterst\u00fctzung dienen kann, zur Verf\u00fcgung zu stellen.<\/p>\n\n\n\n<p>Haustiere<\/p>\n\n\n\n<p>Wir wissen, wie wichtig Ihnen Ihre Tiere sind, und deshalb widmen wir einen kleinen Teil unseres Blogs den \u201ekleinen Viechern\u201c.<\/p>\n\n\n\n<p>Rechte<\/p>\n\n\n\n<p>Da dies unsere letzte S\u00e4ule ist, halten wir sie nicht f\u00fcr weniger wichtig. Wir glauben, dass es ebenfalls eine entscheidende Aufgabe ist, unsere Leser \u00fcber ihre wichtigsten Rechte und Pflichten aufzukl\u00e4ren.<\/p>\n\n\n\n<h2 class=\"wp-block-heading\">Unser Team<\/h2>\n\n\n\n<p>Erinnern Sie sich an die vier Freunde, von denen ich Ihnen am Anfang dieses Textes erz\u00e4hlt habe?<\/p>\n\n\n\n<p>Sie sind die entscheidende S\u00e4ule unseres Teams, obwohl HM Noticias (HM News) heute eine Gruppe von Mitarbeitern auf der ganzen Welt hat. Brasilien, die Vereinigten Staaten, Kanada, Spanien, Frankreich, Italien, das Vereinigte K\u00f6nigreich und viele andere.<\/p>\n\n\n\n<p>Diese ganze gro\u00dfartige Gruppe ist engagiert und motiviert, Sie zu informieren und Ihnen zu helfen.<\/p>\n\n\n\n<p>Wenn Sie also Fragen oder Anregungen haben, kontaktieren Sie uns unter contato@hmnoticias.com. Es wird uns eine Freude sein, Ihnen zu helfen und mehr \u00fcber Sie zu erfahren.<\/p>\n\n\n\n<h2 class=\"wp-block-heading\">Unsere Werte<\/h2>\n\n\n\n<p>Unsere Grundlagen und Werte sind sehr stark und aufrichtig, weshalb wir immer danach streben, ehrliche Inhalte zu erstellen.<\/p>\n\n\n\n<p>Wir bem\u00fchen uns, Ihre Sicherheit und die Qualit\u00e4t der Inhalte zu gew\u00e4hrleisten.<\/p>\n\n\n\n<p>Wir sind st\u00e4ndig innovativ, um neue Wege zur Verbesserung und Erweiterung unserer Dienste zu finden.<\/p>\n\n\n\n<p>Dar\u00fcber hinaus sch\u00e4tzen und h\u00f6ren wir unserem Publikum zu, mit dem Ziel, immer auf seine Bed\u00fcrfnisse und Interessen einzugehen.<\/p>\n\n\n\n<h2 class=\"wp-block-heading\">Soziale Auswirkungen<\/h2>\n\n\n\n<p>Wir sind uns bewusst, dass hmnoticias.com eine sehr positive soziale Wirkung erzeugt, und wir sind stolz darauf.<\/p>\n\n\n\n<p>In der digitalen Welt, in der wir leben, verstehen wir, dass dies etwas sehr Wichtiges ist und dass alle Plattformen sich Gedanken \u00fcber die Auswirkungen auf ihre Besucher machen sollten.<\/p>\n\n\n\n<p>Eine unserer wichtigsten Auswirkungen ist die F\u00f6rderung der Bildung.<\/p>\n\n\n\n<p>Wir sind fest davon \u00fcberzeugt, dass Bildung, Ausbildung und Entwicklung f\u00fcr die Menschen unerl\u00e4sslich sind. Um zu dieser Sache beizutragen, gibt es unsere Kurskategorie. Dort versuchen wir st\u00e4ndig, die besten M\u00f6glichkeiten aufzuzeigen, die einen positiven Unterschied in Ihrem Leben und Ihrer beruflichen Karriere bewirken.<\/p>\n\n\n\n<h2 class=\"wp-block-heading\">Unsere zuk\u00fcnftigen Ziele<\/h2>\n\n\n\n<p>Wir freuen uns sehr \u00fcber das Wachstum von HM Noticias (HM News) und haben ehrgeizige und motivierende Ziele f\u00fcr die kommenden Jahre, und wir m\u00f6chten, dass Sie uns auf diesem Weg begleiten.<\/p>\n\n\n\n<p>Wir beabsichtigen, die L\u00e4nder, die wir beeinflussen, zu vergr\u00f6\u00dfern und die Anzahl der Besuche des Blogs zu verdreifachen. All dies wird nur m\u00f6glich sein, wenn wir weiterhin die Richtigkeit und Qualit\u00e4t der Inhalte garantieren.<\/p>\n\n\n\n<p>Wir m\u00f6chten neue Technologien integrieren, die es Ihnen erm\u00f6glichen, in verf\u00fcgbare Stellenangebote und pers\u00f6nliche Kurse aufgenommen zu werden.<\/p>\n\n\n\n<p>Schlie\u00dflich m\u00f6chten wir \u00fcber eine mobile Anwendung, mit der sie miteinander interagieren k\u00f6nnen, direkteren Kontakt zu unseren Lesern haben.<\/p>\n\n\n\n<p>Dies sind unsere Ziele und wir werden daf\u00fcr k\u00e4mpfen.<\/p>\n\n\n\n<h2 class=\"wp-block-heading\">Rechtm\u00e4\u00dfigkeit<\/h2>\n\n\n\n<p>Alle auf dieser Seite angezeigten Inhalte unterliegen den Datenschutzrichtlinien und den gleichen Nutzungsbedingungen der Website.<\/p>\n\n\n\n<p>hmnoticias.com gibt an, dass es diese Richtlinien und Bedingungen akzeptiert.<\/p>\n","protected":false},"excerpt":{"rendered":"<p>Einf\u00fchrung HM Noticias (HM News) wurde von vier Freunden gegr\u00fcndet, die bessere Informationen und Nachrichten in das Chaos des heutigen Internets bringen wollten. Aus diesem &#8230;. <\/p>\n","protected":false},"author":1,"featured_media":0,"parent":0,"menu_order":0,"comment_status":"closed","ping_status":"closed","template":"","meta":{"footnotes":""},"class_list":["post-32880","page","type-page","status-publish","hentry"],"_links":{"self":[{"href":"https:\/\/hmnoticias.com\/espana\/wp-json\/wp\/v2\/pages\/32880","targetHints":{"allow":["GET"]}}],"collection":[{"href":"https:\/\/hmnoticias.com\/espana\/wp-json\/wp\/v2\/pages"}],"about":[{"href":"https:\/\/hmnoticias.com\/espana\/wp-json\/wp\/v2\/types\/page"}],"author":[{"embeddable":true,"href":"https:\/\/hmnoticias.com\/espana\/wp-json\/wp\/v2\/users\/1"}],"replies":[{"embeddable":true,"href":"https:\/\/hmnoticias.com\/espana\/wp-json\/wp\/v2\/comments?post=32880"}],"version-history":[{"count":2,"href":"https:\/\/hmnoticias.com\/espana\/wp-json\/wp\/v2\/pages\/32880\/revisions"}],"predecessor-version":[{"id":32882,"href":"https:\/\/hmnoticias.com\/espana\/wp-json\/wp\/v2\/pages\/32880\/revisions\/32882"}],"wp:attachment":[{"href":"https:\/\/hmnoticias.com\/espana\/wp-json\/wp\/v2\/media?parent=32880"}],"curies":[{"name":"wp","href":"https:\/\/api.w.org\/{rel}","templated":true}]}}